?
5
What is the thousands digit of 19509?
9
What is the units digit of 1395?
5
What is the units digit of 136?
6
What is the thousands digit of 3842?
3
What is the units digit of 416?
6
What is the ten thousands digit of 27864?
2
What is the tens digit of 48168?
6
What is the tens digit of 1047?
4
What is the tens digit of 1303?
0
What is the hundreds digit of 871?
8
What is the tens digit of 54?
5
What is the hundreds digit of 21349?
3
What is the units digit of 46278?
8
What is the thousands digit of 12191?
2
What is the tens digit of 1522?
2
What is the tens digit of 1792?
9
What is the tens digit of 663?
6
What is the units digit of 907?
7
What is the tens digit of 1315?
1
What is the units digit of 1589?
9
What is the units digit of 1271?
1
What is the units digit of 2911?
1
What is the tens digit of 1396?
9
What is the hundreds digit of 16116?
1
What is the ten thousands digit of 57592?
5
What is the units digit of 1390?
0
What is the tens digit of 897?
9
What is the ten thousands digit of 25138?
2
What is the ten thousands digit of 41998?
4
What is the thousands digit of 1509?
1
What is the tens digit of 5095?
9
What is the units digit of 1413?
3
What is the hundreds digit of 6658?
6
What is the ten thousands digit of 36710?
3
What is the tens digit of 58521?
2
What is the thousands digit of 17455?
7
What is the units digit of 170?
0
What is the ten thousands digit of 19831?
1
What is the hundreds digit of 36385?
3
What is the units digit of 3130?
0
What is the tens digit of 6282?
8
What is the hundreds digit of 3769?
7
What is the thousands digit of 2326?
2
What is the thousands digit of 58082?
8
What is the tens digit of 1090?
9
What is the hundreds digit of 2288?
2
What is the hundred thousands digit of 177849?
1
What is the hundreds digit of 9491?
4
What is the tens digit of 4707?
0
What is the hundreds digit of 8910?
9
What is the units digit of 595?
5
What is the thousands digit of 19358?
9
What is the hundreds digit of 609?
6
What is the hundreds digit of 5977?
9
What is the hundreds digit of 2021?
0
What is the hundreds digit of 14860?
8
What is the hundreds digit of 20920?
9
What is the thousands digit of 21877?
1
What is the hundreds digit of 893?
8
What is the hundreds digit of 1079?
0
What is the units digit of 5883?
3
What is the tens digit of 3148?
4
What is the tens digit of 821?
2
What is the tens digit of 27?
2
What is the units digit of 4606?
6
What is the tens digit of 2686?
8
What is the hundreds digit of 4446?
4
What is the hundreds digit of 519?
5
What is the thousands digit of 40915?
0
What is the hundreds digit of 5691?
6
What is the hundreds digit of 3259?
2
What is the hundreds digit of 37923?
9
What is the tens digit of 520?
2
What is the tens digit of 3291?
9
What is the hundreds digit of 2400?
4
What is the units digit of 28853?
3
What is the units digit of 50319?
9
What is the hundreds digit of 26895?
8
What is the tens digit of 512?
1
What is the tens digit of 9733?
3
What is the units digit of 450?
0
What is the units digit of 6307?
7
What is the units digit of 3210?
0
What is the hundreds digit of 33506?
5
What is the hundreds digit of 9301?
3
What is the tens digit of 42?
4
What is the ten thousands digit of 78353?
7
What is the thousands digit of 89995?
9
What is the tens digit of 1486?
8
What is the thousands digit of 9237?
9
What is the tens digit of 3911?
1
What is the hundreds digit of 9114?
1
What is the units digit of 3788?
8
What is the units digit of 3173?
3
What is the units digit of 1849?
9
What is the units digit of 569?
9
What is the thousands digit of 4610?
4
What is the thousands digit of 1791?
1
What is the thousands digit of 18940?
8
What is the ten thousands digit of 59205?
5
What is the tens digit of 875?
7
What is the hundreds digit of 6355?
3
What is the ten thousands digit of 34834?
3
What is the tens digit of 14468?
6
What is the units digit of 2532?
2
What is the thousands digit of 3080?
3
What is the ten thousands digit of 94151?
9
What is the units digit of 2374?
4
What is the tens digit of 33203?
0
What is the hundreds digit of 84734?
7
What is the ten thousands digit of 120921?
2
What is the thousands digit of 11049?
1
What is the thousands digit of 6975?
6
What is the units digit of 3255?
5
What is the ten thousands digit of 23466?
2
What is the tens digit of 805?
0
What is the hundreds digit of 3811?
8
What is the units digit of 1056?
6
What is the thousands digit of 1643?
1
What is the units digit of 1616?
6
What is the units digit of 1180?
0
What is the tens digit of 11049?
4
What is the tens digit of 238?
3
What is the tens digit of 61568?
6
What is the hundreds digit of 7113?
1
What is the units digit of 9591?
1
What is the tens digit of 1047?
4
What is the ten thousands digit of 11304?
1
What is the units digit of 82896?
6
What is the thousands digit of 9496?
9
What is the hundreds digit of 28676?
6
What is the tens digit of 886?
8
What is the tens digit of 99?
9
What is the units digit of 16872?
2
What is the tens digit of 5640?
4
What is the tens digit of 1815?
1
What is the hundreds digit of 1041?
0
What is the units digit of 44?
4
What is the hundreds digit of 1645?
6
What is the hundreds digit of 15289?
2
What is the units digit of 2539?
9
What is the hundreds digit of 1036?
0
What is the hundreds digit of 354?
3
What is the tens digit of 49697?
9
What is the tens digit of 173405?
0
What is the units digit of 4729?
9
What is the tens digit of 10740?
4
What is the hundreds digit of 502?
5
What is the thousands digit of 1114?
1
What is the tens digit of 1096?
9
What is the hundreds digit of 7162?
1
What is the units digit of 189616?
6
What is the ten thousands digit of 87257?
8
What is the units digit of 473?
3
What is the thousands digit of 5342?
5
What is the tens digit of 816?
1
What is the tens digit of 16847?
4
What is the tens digit of 10583?
8
What is the ten thousands digit of 82268?
8
What is the tens digit of 95?
9
What is the units digit of 16867?
7
What is the units digit of 907?
7
What is the units digit of 8512?
2
What is the thousands digit of 4917?
4
What is the hundreds digit of 854?
8
What is the tens digit of 766?
6
What is the units digit of 1611?
1
What is the units digit of 7108?
8
What is the hundreds digit of 57907?
9
What is the tens digit of 25387?
8
What is the hundreds digit of 3556?
5
What is the hundreds digit of 266?
2
What is the hundreds digit of 11264?
2
What is the tens digit of 301?
0
What is the tens digit of 1587?
8
What is the hundreds digit of 9614?
6
What is the tens digit of 1139?
3
What is the tens digit of 215?
1
What is the thousands digit of 1173?
1
What is the units digit of 64727?
7
What is the hundreds digit of 6337?
3
What is the tens digit of 9485?
8
What is the tens digit of 3258?
5
What is the ten thousands digit of 26910?
2
What is the thousands digit of 1331?
1
What is the tens digit of 7815?
1
What is the units digit of 552?
2
What is the hundreds digit of 574?
5
What is the tens digit of 3027?
2
What is the hundreds digit of 1753?
7
What is the thousands digit of 14984?
4
What is the hundreds digit of 67829?
8
What is the tens digit of 29263?
6
What is the tens digit of 1254?
5
What is the hundreds digit of 14001?
0
What is the tens digit of 1266?
6
What is the thousands digit of 2210?
2
What is the thousands digit of 15967?
5
What is the hundreds digit of 3393?
3
What is the hundreds digit of 616?
6
What is the units digit of 209?
9
What is the thousands digit of 2468?
2
What is the hundreds digit of 10236?
2
What is the units digit of 49?
9
What is the tens digit of 6145?
4
What is the units digit of 108478?
8
What is the tens digit of 1019?
1
What is the thousands digit of 41684?
1
What is the hundreds digit of 3535?
5
What is the hundreds digit of 2303?
3
What is the hundreds digit of 2642?
6
What is the hundreds digit of 60261?
2
What is the hundreds digit of 2661?
6
What is the hundreds digit of 2157?
1
What is the units digit of 29?
9
What is the units digit of 14241?
1
What is the units digit of 1662?
2
What is the units digit of 1121?
1
What is the units digit of 635?
5
What is the units digit of 705?
5
What is the thousands digit of 6572?
6
What is the units digit of 578?
8
What is the tens digi